58*c - 158 = -7*q, 0 = -5*q + c + 94. What is the highest common divisor of q and k?
10
Let l = 161302 - 161274. Suppose -4*n + 24 + 32 = 0. Calculate the highest common divisor of l and n.
14
Suppose 8636 + 4561 = 223*l - 10218. Let t be 1*-1 - (-3 - -2). Suppose -z + 21 = -t*z. What is the highest common divisor of l and z?
21
Let q(p) = -28*p - 1. Let i be q(-2). Let o be i*(2 + 36/(-20)). Suppose -2*u + 5*g + 30 = 3, 4*g = -5*u + 51. What is the greatest common factor of u and o?
11
Suppose 5*c - 444 = 331. Suppose c*r + 42 = 157*r. What is the highest common divisor of r and 3?
3
Suppose 39*h - 29*h - 155*h + 5075 = 0. Suppose -c = -6 - 15. Calculate the highest common divisor of c and h.
7
Let g(d) = 491*d + 3. Let u be g(1). Suppose 12*t - u = -7*t. Calculate the highest common factor of 78 and t.
26
Let j(w) = 2*w**3 - 17*w**2 - 4*w - 9. Suppose 4*c = 87 - 51. Let v be j(c). What is the highest common divisor of v and 48?
12
Let g = -43 - -48. Suppose 0 = v - g*k + 15, 2*v + 5*k - 15 = v. Suppose v*r + 4*r - 70 = -5*y, 2*r - 5*y = 20. What is the highest common factor of r and 5?
5
Let x(q) = q**3 - 8*q**2 - 20*q + 25. Suppose -9*y - 56 = -8*y. Let n = y - -67. Let d be x(n). What is the greatest common factor of 21 and d?
21
Let p(q) = -3*q**3 - 20*q**2 - 37*q - 6. Let g be p(-2). What is the greatest common divisor of 51 and g?
3
Let f(b) = 18*b**3 - 131*b + 266. Let v be f(2). Calculate the highest common factor of 32264 and v.
148
Suppose 42 = c - 73. Suppose 21*z + 5*t - 2948 = 0, 502 = -178*z + 182*z - 5*t. What is the highest common divisor of z and c?
23
Let p be (1 + 38)*51/9. Let x be (p/(-52))/((-2)/8). Suppose 0 = -4*o - s + 50, -o + s - 2 = -x. Calculate the highest common factor of 39 and o.
13
Let x(b) = 17*b + 1495. Let z be x(-69). What is the greatest common divisor of z and 46?
46
Let i(j) = -3*j - 25. Let l be i(-13). Let v = -11 + l. Suppose 3*w + 93 = 4*z - 0*w, v*z = 5*w + 67. What is the highest common divisor of 16 and z?
8
Let l be (-4)/6 + 715/33. Let w be (-2)/(-7) + 183/l + -2. Let v be (-9)/((-17)/28 + (-1)/w). Calculate the greatest common divisor of 132 and v.
12
Suppose 0 = -4*s + 2*t - 332, -2*s + 2*t - 4*t - 154 = 0. Let f be s - (7 + -5 + -3). Let o = -74 - f. What is the highest common factor of 48 and o?
6
Let h(i) = 6*i + 33. Let o be h(-6). Let r be 13 - (-9 - (o + -4)). What is the greatest common factor of r and 20?
5
Let i be 68/(-34) - (-61 - 21). Suppose -s = -0*r + 2*r - 196, -2*s + 200 = 2*r. What is the highest common factor of i and r?
16
Let z be ((-2)/(-13) + 4191/(-286))*(-3 - 5). Calculate the highest common divisor of z and 783.
29
Suppose 10*l = -2*n + 5*l + 706, -5*n + 1727 = 3*l. Suppose -12*w + 14*w - 76 = -p, -5*w - n = -4*p. What is the highest common factor of p and 205?
41
Let v(c) = 4*c**2 - 13*c + 20. Let j be v(2). What is the highest common divisor of j and 1670?
10
Suppose 36*i - 27559 = 5*i. What is the greatest common factor of i and 254?
127
Let s(u) = 10*u**3 + 89*u**2 + 77*u + 10. Let o be s(-6). What is the greatest common divisor of o and 5476?
148
Let i(v) be the first derivative of 7/2*v**2 - 39*v + 15. Let j be i(8). What is the greatest common divisor of 68 and j?
17
Suppose 3*w - 2596 + 289 = 0. Let t = -746 + w. Calculate the highest common factor of t and 621.
23
Suppose 0 = -5*r - 2*k + 13 - 3, -2*k = -r + 2. Let y be -51 + (r/2)/1. Let m = y - -60. What is the greatest common divisor of 70 and m?
10
Let a = 8520 - 8377. What is the greatest common divisor of 275 and a?
11
Let d be (1 - -14) + (16 + -11 + -5)/3. Calculate the highest common divisor of 450 and d.
15
Let r(j) = j**2 + 4*j - 14. Let w be r(4). What is the greatest common divisor of 477 and w?
9
Suppose 0 = c - 51*c. Suppose c = 6*v - 8*v, 2*s - 1122 = -5*v. What is the highest common factor of s and 66?
33
Let t = 2989 - 2986. What is the highest common factor of 1764 and t?
3
Suppose 0 = -9*a - 3*a + 24. Let r be (0 + a)*2 - (2 - 56). Calculate the highest common divisor of r and 145.
29
Suppose 0 = 18*j - 8*j + 60. Let f(b) = 27*b - 19. Let i(v) = -v. Let l(o) = -f(o) + i(o). Let s be l(j). What is the greatest common divisor of 17 and s?
17
Suppose 0 = 4*j, -j = -5*x + 75 + 960. Suppose 25*f + 92 = 29*f. What is the greatest common factor of f and x?
23
Let l = 74 - 72. Suppose 6*b - 192 = 3*b - 3*p, 2*b - 120 = l*p. Let s = b + -56. Calculate the highest common factor of 12 and s.
6
Let i be ((-64)/5)/(39/15 + -3). Suppose 3*q - 3 - 24 = 0. Let s(n) = -n**2 + 8*n + 13. Let y be s(q). Calculate the highest common divisor of i and y.
4
Let q(v) = v**3 + 26*v**2 + 47*v - 7. Let f be q(-24). What is the highest common divisor of f and 7?
1
Suppose 5*a - 3*p - 31115 = 0, 6*p - 7*p = -a + 6225. What is the greatest common factor of a and 40?
20
Let m(n) = 44*n - 4. Let v be m(23). Calculate the greatest common divisor of 64 and v.
16
Suppose 80*l = 83*l + 3*q - 180, 3*q + 332 = 5*l. Calculate the greatest common divisor of l and 80.
16
Let m be 5/(-3)*(-18)/75*5. Suppose 4*a - 40 = -m*f, -3*f + 3*a = -4*f + 18. What is the greatest common divisor of 408 and f?
24
Let p = 5 + -3. Let r be 3/(-7) - (-188)/(-329). Let v be -2 - -7 - (r + -2). What is the greatest common factor of v and p?
2
Suppose 2*g = -13 - 7. Let b be g/25 + (-114)/(-10). Let s be 29 + -20 + -4 - -17. Calculate the highest common factor of b and s.
11
Let d be 60/(-45) + 59/(-3). Let k be (-16)/56 + (-930)/d. Calculate the greatest common divisor of 16 and k.
4
Suppose -8*g + 4*g + 54385 = 69*g. Calculate the greatest common divisor of 50 and g.
5
Suppose -20 - 105 = 5*j. Let m = j - -35. Suppose -5*r + 7*r + 5*y = 20, 3*y - 40 = -4*r. What is the greatest common divisor of m and r?
10
Let u be 278 + -301 - -2*8033. What is the greatest common factor of u and 122?
61
Suppose -3*d = a - 154551, 4*a = 2*d - 12679 - 90341. What is the greatest common factor of 18 and d?
18
Suppose -5*c + 51*n = 50*n - 9358, -5*c + 9352 = -4*n. What is the greatest common factor of c and 26?
26
Suppose -136 = -2*y + 4*l, 2*l - 322 = 29*y - 33*y. Calculate the highest common divisor of 3302 and y.
26
Suppose -7*v + 3129 + 182 = 0. Let b be (8/(-10))/(-1*(-1)/(-10)). Suppose b*t + v = 1481. What is the highest common divisor of 28 and t?
14
Let q be ((4 - (-3)/(-2)) + -1)*2. Suppose -q*b + 3*m = 0, -m - 3 = -2*m. Let o = 79 + -52. Calculate the highest common divisor of b and o.
3
Let l = -15267 + 16563. What is the highest common divisor of l and 891?
81
Suppose 1765 = 124*l - 2*l - 309. Let s = -451 - -298. Let c be ((-11)/(-3))/((-3)/s). What is the greatest common divisor of c and l?
17
Let z = 16018 + -15954. Let s be 290/6 - 2/6. Calculate the greatest common factor of s and z.
16
Let i(q) = 5*q - 142. Suppose -21*p + 751 = 100. Let t be i(p). Calculate the highest common divisor of t and 143.
13
Suppose 2*m - 5*b - 2176 = 0, 17*m = 14*m + 5*b + 3274. Calculate the highest common divisor of m and 12.
6
Let j = 2019 + -1962. Calculate the highest common factor of 6441 and j.
57
Suppose -4*f + 132 = -56. Suppose -7*q + f = -254. Let r = 991 - 776. Calculate the greatest common factor of q and r.
43
Let h(u) = 10*u**2 + 6*u - 7. Let k be h(5). Let s be 14*(-4)/(64/(-12))*(149 + -143). Calculate the greatest common divisor of s and k.
21
Suppose 9982 = 13*p + 10268. Let d(j) = 46*j + 1. Let l be d(1). Let m = p + l. Calculate the greatest common divisor of 5 and m.
5
Let b be (-18 + 0)*((-1)/(-2) + 2). Let a = -45 - b. Suppose a = -2*o - 5*o + 196. Calculate the highest common factor of 7 and o.
7
Suppose 4812*u - 4807*u = 4*w + 2828, -5*u - 5*w = -2765. What is the greatest common factor of u and 264?
8
Let q(v) = 17*v**2 - 9*v + 12. Let m be q(2). Let r be (-6)/30 + -2*m/(-20). What is the highest common divisor of 24 and r?
6
Suppose -2396 = 96*v - 16028. Calculate the highest common factor of v and 497.
71
Let c(y) = y**2 + 5*y - 4. Let u be 3*(-25)/30*(-16)/(-5). Let v be c(u). What is the greatest common divisor of v and 15?
5
Let i(v) = -4*v**3 + 4*v**2 + 2*v - 5. Let b be i(3). Let q = b + 95. Suppose -s + 0*s = -6. Calculate the highest common factor of q and s.
6
Suppose 5*b = -5*r + 120, 109 - 37 = 3*b + 5*r. Calculate the greates